{"id":2031,"date":"2025-11-20T13:24:51","date_gmt":"2025-11-20T13:24:51","guid":{"rendered":"https:\/\/www.wellenzohn.eu\/dettagli-immobile\/"},"modified":"2026-02-04T12:09:36","modified_gmt":"2026-02-04T12:09:36","slug":"dettagli-immobile","status":"publish","type":"page","link":"https:\/\/www.wellenzohn.eu\/it\/dettagli-immobile\/","title":{"rendered":"Dettagli immobile"},"content":{"rendered":"\t\t<div data-elementor-type=\"wp-page\" data-elementor-id=\"2031\" class=\"elementor elementor-2031 elementor-928\" data-elementor-post-type=\"page\">\n\t\t\t\t<div class=\"elementor-element elementor-element-db50d32 e-flex e-con-boxed e-con e-parent\" data-id=\"db50d32\" data-element_type=\"container\" data-e-type=\"container\">\n\t\t\t\t\t<div class=\"e-con-inner\">\n\t\t\t\t<div class=\"elementor-element elementor-element-045970f elementor-widget elementor-widget-shortcode\" data-id=\"045970f\" data-element_type=\"widget\" data-e-type=\"widget\" data-widget_type=\"shortcode.default\">\n\t\t\t\t\t\t\t<div class=\"elementor-shortcode\"><div class=\"oo-detailview-helper\"><p class=\"oo-detailview-helper-text oo-detailview-helper-text--default\">Hai aperto la pagina di dettaglio, ma non sappiamo quale Immobile mostrarti perch\u00e9 non \u00e8 presente alcun ID Immobile nell'URL. Per favore, vai a una lista di Immobile e apri un elemento da l\u00ec.<\/p><\/div><\/div>\n\t\t\t\t\t\t<\/div>\n\t\t\t\t\t<\/div>\n\t\t\t\t<\/div>\n\t\t\t\t<\/div>\n\t\t","protected":false},"excerpt":{"rendered":"","protected":false},"author":1,"featured_media":0,"parent":0,"menu_order":0,"comment_status":"closed","ping_status":"closed","template":"","meta":{"_acf_changed":false,"inline_featured_image":false,"footnotes":""},"class_list":["post-2031","page","type-page","status-publish","hentry"],"acf":[],"yoast_head":"<!-- This site is optimized with the Yoast SEO plugin v27.4 - https:\/\/yoast.com\/product\/yoast-seo-wordpress\/ -->\n<title>Wellenzohn Immobilien<\/title>\n<meta name=\"robots\" content=\"noindex, follow\" \/>\n<meta property=\"og:locale\" content=\"it_IT\" \/>\n<meta property=\"og:type\" content=\"article\" \/>\n<meta property=\"og:url\" content=\"https:\/\/www.wellenzohn.eu\/it\/dettagli-immobile\/\" \/>\n<meta property=\"og:site_name\" content=\"Wellenzohn Immobilien\" \/>\n<meta property=\"article:publisher\" content=\"https:\/\/www.facebook.com\/profile.php?id=61553840639498\" \/>\n<meta property=\"article:modified_time\" content=\"2026-02-04T12:09:36+00:00\" \/>\n<meta property=\"og:image\" content=\"https:\/\/www.wellenzohn.eu\/wp-content\/uploads\/2025\/11\/teamfoto_2025.webp\" \/>\n\t<meta property=\"og:image:width\" content=\"2000\" \/>\n\t<meta property=\"og:image:height\" content=\"1006\" \/>\n\t<meta property=\"og:image:type\" content=\"image\/webp\" \/>\n<meta name=\"twitter:card\" content=\"summary_large_image\" \/>\n<script type=\"application\/ld+json\" class=\"yoast-schema-graph\">{\"@context\":\"https:\\\/\\\/schema.org\",\"@graph\":[{\"@type\":\"WebPage\",\"@id\":\"https:\\\/\\\/www.wellenzohn.eu\\\/it\\\/dettagli-immobile\\\/\",\"url\":\"https:\\\/\\\/www.wellenzohn.eu\\\/it\\\/dettagli-immobile\\\/\",\"name\":\"\",\"isPartOf\":{\"@id\":\"https:\\\/\\\/www.wellenzohn.eu\\\/it\\\/#website\"},\"datePublished\":\"2025-11-20T13:24:51+00:00\",\"dateModified\":\"2026-02-04T12:09:36+00:00\",\"breadcrumb\":{\"@id\":\"https:\\\/\\\/www.wellenzohn.eu\\\/it\\\/dettagli-immobile\\\/#breadcrumb\"},\"inLanguage\":\"it-IT\",\"potentialAction\":[{\"@type\":\"ReadAction\",\"target\":[\"https:\\\/\\\/www.wellenzohn.eu\\\/it\\\/dettagli-immobile\\\/\"]}]},{\"@type\":\"BreadcrumbList\",\"@id\":\"https:\\\/\\\/www.wellenzohn.eu\\\/it\\\/dettagli-immobile\\\/#breadcrumb\",\"itemListElement\":[{\"@type\":\"ListItem\",\"position\":1,\"name\":\"Start\",\"item\":\"https:\\\/\\\/www.wellenzohn.eu\\\/it\\\/home\\\/\"},{\"@type\":\"ListItem\",\"position\":2,\"name\":\"Dettagli immobile\"}]},{\"@type\":\"WebSite\",\"@id\":\"https:\\\/\\\/www.wellenzohn.eu\\\/it\\\/#website\",\"url\":\"https:\\\/\\\/www.wellenzohn.eu\\\/it\\\/\",\"name\":\"Wellenzohn Immobilien\",\"description\":\"\",\"publisher\":{\"@id\":\"https:\\\/\\\/www.wellenzohn.eu\\\/it\\\/#organization\"},\"potentialAction\":[{\"@type\":\"SearchAction\",\"target\":{\"@type\":\"EntryPoint\",\"urlTemplate\":\"https:\\\/\\\/www.wellenzohn.eu\\\/it\\\/?s={search_term_string}\"},\"query-input\":{\"@type\":\"PropertyValueSpecification\",\"valueRequired\":true,\"valueName\":\"search_term_string\"}}],\"inLanguage\":\"it-IT\"},{\"@type\":\"Organization\",\"@id\":\"https:\\\/\\\/www.wellenzohn.eu\\\/it\\\/#organization\",\"name\":\"Wellenzohn Immobilien KG\",\"url\":\"https:\\\/\\\/www.wellenzohn.eu\\\/it\\\/\",\"logo\":{\"@type\":\"ImageObject\",\"inLanguage\":\"it-IT\",\"@id\":\"https:\\\/\\\/www.wellenzohn.eu\\\/it\\\/#\\\/schema\\\/logo\\\/image\\\/\",\"url\":\"https:\\\/\\\/www.wellenzohn.eu\\\/wp-content\\\/uploads\\\/2025\\\/11\\\/WellenzohnLogo-red.svg\",\"contentUrl\":\"https:\\\/\\\/www.wellenzohn.eu\\\/wp-content\\\/uploads\\\/2025\\\/11\\\/WellenzohnLogo-red.svg\",\"width\":170,\"height\":48,\"caption\":\"Wellenzohn Immobilien KG\"},\"image\":{\"@id\":\"https:\\\/\\\/www.wellenzohn.eu\\\/it\\\/#\\\/schema\\\/logo\\\/image\\\/\"},\"sameAs\":[\"https:\\\/\\\/www.facebook.com\\\/profile.php?id=61553840639498\",\"https:\\\/\\\/www.instagram.com\\\/wellenzohnimmobilien\"]}]}<\/script>\n<!-- \/ Yoast SEO plugin. -->","yoast_head_json":{"title":"Wellenzohn Immobilien","robots":{"index":"noindex","follow":"follow"},"og_locale":"it_IT","og_type":"article","og_url":"https:\/\/www.wellenzohn.eu\/it\/dettagli-immobile\/","og_site_name":"Wellenzohn Immobilien","article_publisher":"https:\/\/www.facebook.com\/profile.php?id=61553840639498","article_modified_time":"2026-02-04T12:09:36+00:00","og_image":[{"width":2000,"height":1006,"url":"https:\/\/www.wellenzohn.eu\/wp-content\/uploads\/2025\/11\/teamfoto_2025.webp","type":"image\/webp"}],"twitter_card":"summary_large_image","schema":{"@context":"https:\/\/schema.org","@graph":[{"@type":"WebPage","@id":"https:\/\/www.wellenzohn.eu\/it\/dettagli-immobile\/","url":"https:\/\/www.wellenzohn.eu\/it\/dettagli-immobile\/","name":"","isPartOf":{"@id":"https:\/\/www.wellenzohn.eu\/it\/#website"},"datePublished":"2025-11-20T13:24:51+00:00","dateModified":"2026-02-04T12:09:36+00:00","breadcrumb":{"@id":"https:\/\/www.wellenzohn.eu\/it\/dettagli-immobile\/#breadcrumb"},"inLanguage":"it-IT","potentialAction":[{"@type":"ReadAction","target":["https:\/\/www.wellenzohn.eu\/it\/dettagli-immobile\/"]}]},{"@type":"BreadcrumbList","@id":"https:\/\/www.wellenzohn.eu\/it\/dettagli-immobile\/#breadcrumb","itemListElement":[{"@type":"ListItem","position":1,"name":"Start","item":"https:\/\/www.wellenzohn.eu\/it\/home\/"},{"@type":"ListItem","position":2,"name":"Dettagli immobile"}]},{"@type":"WebSite","@id":"https:\/\/www.wellenzohn.eu\/it\/#website","url":"https:\/\/www.wellenzohn.eu\/it\/","name":"Wellenzohn Immobilien","description":"","publisher":{"@id":"https:\/\/www.wellenzohn.eu\/it\/#organization"},"potentialAction":[{"@type":"SearchAction","target":{"@type":"EntryPoint","urlTemplate":"https:\/\/www.wellenzohn.eu\/it\/?s={search_term_string}"},"query-input":{"@type":"PropertyValueSpecification","valueRequired":true,"valueName":"search_term_string"}}],"inLanguage":"it-IT"},{"@type":"Organization","@id":"https:\/\/www.wellenzohn.eu\/it\/#organization","name":"Wellenzohn Immobilien KG","url":"https:\/\/www.wellenzohn.eu\/it\/","logo":{"@type":"ImageObject","inLanguage":"it-IT","@id":"https:\/\/www.wellenzohn.eu\/it\/#\/schema\/logo\/image\/","url":"https:\/\/www.wellenzohn.eu\/wp-content\/uploads\/2025\/11\/WellenzohnLogo-red.svg","contentUrl":"https:\/\/www.wellenzohn.eu\/wp-content\/uploads\/2025\/11\/WellenzohnLogo-red.svg","width":170,"height":48,"caption":"Wellenzohn Immobilien KG"},"image":{"@id":"https:\/\/www.wellenzohn.eu\/it\/#\/schema\/logo\/image\/"},"sameAs":["https:\/\/www.facebook.com\/profile.php?id=61553840639498","https:\/\/www.instagram.com\/wellenzohnimmobilien"]}]}},"_links":{"self":[{"href":"https:\/\/www.wellenzohn.eu\/it\/wp-json\/wp\/v2\/pages\/2031","targetHints":{"allow":["GET"]}}],"collection":[{"href":"https:\/\/www.wellenzohn.eu\/it\/wp-json\/wp\/v2\/pages"}],"about":[{"href":"https:\/\/www.wellenzohn.eu\/it\/wp-json\/wp\/v2\/types\/page"}],"author":[{"embeddable":true,"href":"https:\/\/www.wellenzohn.eu\/it\/wp-json\/wp\/v2\/users\/1"}],"replies":[{"embeddable":true,"href":"https:\/\/www.wellenzohn.eu\/it\/wp-json\/wp\/v2\/comments?post=2031"}],"version-history":[{"count":1,"href":"https:\/\/www.wellenzohn.eu\/it\/wp-json\/wp\/v2\/pages\/2031\/revisions"}],"predecessor-version":[{"id":2032,"href":"https:\/\/www.wellenzohn.eu\/it\/wp-json\/wp\/v2\/pages\/2031\/revisions\/2032"}],"wp:attachment":[{"href":"https:\/\/www.wellenzohn.eu\/it\/wp-json\/wp\/v2\/media?parent=2031"}],"curies":[{"name":"wp","href":"https:\/\/api.w.org\/{rel}","templated":true}]}}

<div data-elementor-type="wp-page" data-elementor-id="2031" class="elementor elementor-2031 elementor-928" data-elementor-post-type="page">
				<div class="elementor-element elementor-element-db50d32 e-flex e-con-boxed e-con e-parent" data-id="db50d32" data-element_type="container" data-e-type="container">
					<div class="e-con-inner">
				<div class="elementor-element elementor-element-045970f elementor-widget elementor-widget-shortcode" data-id="045970f" data-element_type="widget" data-e-type="widget" data-widget_type="shortcode.default">
							<div class="elementor-shortcode"><div class="oo-detailview-helper"><p class="oo-detailview-helper-text oo-detailview-helper-text--default">Hai aperto la pagina di dettaglio, ma non sappiamo quale Immobile mostrarti perché non è presente alcun ID Immobile nell'URL. Per favore, vai a una lista di Immobile e apri un elemento da lì.</p></div></div>
						</div>
					</div>
				</div>
				</div>
